{"id":47,"date":"2024-12-22T20:07:01","date_gmt":"2024-12-22T20:07:01","guid":{"rendered":"https:\/\/bacaworld.org\/belgium\/?page_id=47"},"modified":"2024-12-22T21:24:30","modified_gmt":"2024-12-22T21:24:30","slug":"droits-de-lenfant","status":"publish","type":"page","link":"https:\/\/bacaworld.org\/belgium\/droits-de-lenfant\/","title":{"rendered":"DROITS DE L\u2019ENFANT"},"content":{"rendered":"<p>[et_pb_section fb_built=&#8221;1&#8243; _builder_version=&#8221;4.27.4&#8243; _module_preset=&#8221;default&#8221; global_colors_info=&#8221;{}&#8221; theme_builder_area=&#8221;et_body_layout&#8221;][et_pb_row _builder_version=&#8221;4.27.4&#8243; _module_preset=&#8221;default&#8221; custom_margin=&#8221;-30px|auto||auto||&#8221; global_colors_info=&#8221;{}&#8221; theme_builder_area=&#8221;et_body_layout&#8221;][et_pb_column type=&#8221;4_4&#8243; _builder_version=&#8221;4.27.4&#8243; _module_preset=&#8221;default&#8221; global_colors_info=&#8221;{}&#8221; theme_builder_area=&#8221;et_body_layout&#8221;][et_pb_text _builder_version=&#8221;4.27.4&#8243; _module_preset=&#8221;default&#8221; hover_enabled=&#8221;0&#8243; global_colors_info=&#8221;{}&#8221; theme_builder_area=&#8221;et_body_layout&#8221; sticky_enabled=&#8221;0&#8243;]<\/p>\n<p><u>DROITS DE L\u2019ENFANT<\/u><\/p>\n<p>Un enfant a droit au respect.\u00a0<\/p>\n<p>Les droits de l\u2019enfant ont \u00e9t\u00e9 fix\u00e9s le 20 novembre 1989 dans la<span>\u00a0<\/span><a href=\"https:\/\/web.archive.org\/web\/20220818045402\/http:\/\/www.ohchr.org\/FR\/ProfessionalInterest\/Pages\/CRC.aspx\" onclick=\"javascript:window.open('http:\/\/www.ohchr.org\/FR\/ProfessionalInterest\/Pages\/CRC.aspx', '_blank', 'noopener'); return false;\">Convention internationale des droits de l\u2019enfant<span>\u00a0<\/span><\/a>des Nations Unies.<\/p>\n<p>Cette<span>\u00a0<\/span><strong>Convention des droits de l\u2019enfant<\/strong><span>\u00a0<\/span>traite en premier lieu de la relation entre les enfants et les pouvoirs publics. Elle confirme que dans cette relation les enfants ont les m\u00eames droits que leurs parents. La Convention garantit \u00e9galement des droits aux enfants pour promouvoir leur d\u00e9veloppement.<\/p>\n<p>La Convention des droits de l\u2019enfant \u00e9num\u00e8re bien \u00e9videmment un certain nombre de<span>\u00a0<\/span><strong>droits g\u00e9n\u00e9raux<\/strong><span>\u00a0<\/span>comme :<\/p>\n<ul>\n<li>Le droit \u00e0 une vie d\u00e9cente\u00a0\u00a0<\/li>\n<li>Le droit \u00e0 l\u2019enseignement\u00a0<\/li>\n<li>Le droit aux soins de sant\u00e9\u00a0<\/li>\n<li>Le droit \u00e0 une vie de famille\u00a0<\/li>\n<li>\u2026<\/li>\n<\/ul>\n<p>Mais les enfants ont aussi<span>\u00a0<\/span><strong>droit \u00e0 la protection<\/strong><span>\u00a0<\/span>contre :<\/p>\n<ul>\n<li>Toute forme de violence\u00a0<\/li>\n<li>L\u2019usage de stup\u00e9fiants\u00a0\u00a0<\/li>\n<li>L\u2019enl\u00e8vement vers l\u2019\u00e9tranger\u00a0<\/li>\n<li>Toute forme d\u2019exploitation sexuelle\u00a0<\/li>\n<li>Le travail des enfants qui est dangereux pour leur sant\u00e9 ou compromet leur enseignement<\/li>\n<\/ul>\n<p>La Convention des droits de l\u2019enfant prot\u00e8ge \u00e9galement les<span>\u00a0<\/span><strong>mineurs qui sont particuli\u00e8rement vuln\u00e9rables<\/strong>, comme par exemple :<\/p>\n<ul>\n<li>Les enfants souffrant d\u2019un handicap\u00a0<\/li>\n<li>Les victimes de violence\u00a0\u00a0<\/li>\n<li>Les r\u00e9fugi\u00e9s\u00a0<\/li>\n<li>Les enfants soldats\u00a0\u00a0<\/li>\n<li>Les enfants dans les conflits arm\u00e9s<\/li>\n<\/ul>\n<p><a href=\"https:\/\/web.archive.org\/web\/20220818045402\/https:\/\/www.belgium.be\/fr\/famille\/enfants\/droits_de_l_enfant\" onclick=\"javascript:window.open('https:\/\/www.belgium.be\/fr\/famille\/enfants\/droits_de_l_enfant', '_blank', 'noopener'); return false;\">https:\/\/www.belgium.be\/fr\/famille\/enfants\/droits_de_l_enfant<\/a><\/p>\n<p>[\/et_pb_text][\/et_pb_column][\/et_pb_row][\/et_pb_section]<\/p>\n","protected":false},"excerpt":{"rendered":"<p>DROITS DE L\u2019ENFANT Un enfant a droit au respect.\u00a0 Les droits de l\u2019enfant ont \u00e9t\u00e9 fix\u00e9s le 20 novembre 1989 dans la\u00a0Convention internationale des droits de l\u2019enfant\u00a0des Nations Unies. Cette\u00a0Convention des droits de l\u2019enfant\u00a0traite en premier lieu de la relation entre les enfants et les pouvoirs publics. Elle confirme que dans cette relation les enfants [&hellip;]<\/p>\n","protected":false},"author":1,"featured_media":0,"parent":0,"menu_order":0,"comment_status":"closed","ping_status":"closed","template":"","meta":{"_et_pb_use_builder":"on","_et_pb_old_content":"","_et_gb_content_width":"","footnotes":""},"class_list":["post-47","page","type-page","status-publish","hentry"],"_links":{"self":[{"href":"https:\/\/bacaworld.org\/belgium\/wp-json\/wp\/v2\/pages\/47","targetHints":{"allow":["GET"]}}],"collection":[{"href":"https:\/\/bacaworld.org\/belgium\/wp-json\/wp\/v2\/pages"}],"about":[{"href":"https:\/\/bacaworld.org\/belgium\/wp-json\/wp\/v2\/types\/page"}],"author":[{"embeddable":true,"href":"https:\/\/bacaworld.org\/belgium\/wp-json\/wp\/v2\/users\/1"}],"replies":[{"embeddable":true,"href":"https:\/\/bacaworld.org\/belgium\/wp-json\/wp\/v2\/comments?post=47"}],"version-history":[{"count":3,"href":"https:\/\/bacaworld.org\/belgium\/wp-json\/wp\/v2\/pages\/47\/revisions"}],"predecessor-version":[{"id":108,"href":"https:\/\/bacaworld.org\/belgium\/wp-json\/wp\/v2\/pages\/47\/revisions\/108"}],"wp:attachment":[{"href":"https:\/\/bacaworld.org\/belgium\/wp-json\/wp\/v2\/media?parent=47"}],"curies":[{"name":"wp","href":"https:\/\/api.w.org\/{rel}","templated":true}]}}

<p>[et_pb_section fb_built=&#8221;1&#8243; _builder_version=&#8221;4.27.4&#8243; _module_preset=&#8221;default&#8221; global_colors_info=&#8221;{}&#8221; theme_builder_area=&#8221;et_body_layout&#8221;][et_pb_row _builder_version=&#8221;4.27.4&#8243; _module_preset=&#8221;default&#8221; custom_margin=&#8221;-30px|auto||auto||&#8221; global_colors_info=&#8221;{}&#8221; theme_builder_area=&#8221;et_body_layout&#8221;][et_pb_column type=&#8221;4_4&#8243; _builder_version=&#8221;4.27.4&#8243; _module_preset=&#8221;default&#8221; global_colors_info=&#8221;{}&#8221; theme_builder_area=&#8221;et_body_layout&#8221;][et_pb_text _builder_version=&#8221;4.27.4&#8243; _module_preset=&#8221;default&#8221; hover_enabled=&#8221;0&#8243; global_colors_info=&#8221;{}&#8221; theme_builder_area=&#8221;et_body_layout&#8221; sticky_enabled=&#8221;0&#8243;]</p>
<p><u>DROITS DE L’ENFANT</u></p>
<p>Un enfant a droit au respect. </p>
<p>Les droits de l’enfant ont été fixés le 20 novembre 1989 dans la<span> </span><a href="https://web.archive.org/web/20220818045402/http://www.ohchr.org/FR/ProfessionalInterest/Pages/CRC.aspx" onclick="javascript:window.open('http://www.ohchr.org/FR/ProfessionalInterest/Pages/CRC.aspx', '_blank', 'noopener'); return false;">Convention internationale des droits de l’enfant<span> </span></a>des Nations Unies.</p>
<p>Cette<span> </span><strong>Convention des droits de l’enfant</strong><span> </span>traite en premier lieu de la relation entre les enfants et les pouvoirs publics. Elle confirme que dans cette relation les enfants ont les mêmes droits que leurs parents. La Convention garantit également des droits aux enfants pour promouvoir leur développement.</p>
<p>La Convention des droits de l’enfant énumère bien évidemment un certain nombre de<span> </span><strong>droits généraux</strong><span> </span>comme :</p>
<ul>
<li>Le droit à une vie décente  </li>
<li>Le droit à l’enseignement </li>
<li>Le droit aux soins de santé </li>
<li>Le droit à une vie de famille </li>
<li>…</li>
</ul>
<p>Mais les enfants ont aussi<span> </span><strong>droit à la protection</strong><span> </span>contre :</p>
<ul>
<li>Toute forme de violence </li>
<li>L’usage de stupéfiants  </li>
<li>L’enlèvement vers l’étranger </li>
<li>Toute forme d’exploitation sexuelle </li>
<li>Le travail des enfants qui est dangereux pour leur santé ou compromet leur enseignement</li>
</ul>
<p>La Convention des droits de l’enfant protège également les<span> </span><strong>mineurs qui sont particulièrement vulnérables</strong>, comme par exemple :</p>
<ul>
<li>Les enfants souffrant d’un handicap </li>
<li>Les victimes de violence  </li>
<li>Les réfugiés </li>
<li>Les enfants soldats  </li>
<li>Les enfants dans les conflits armés</li>
</ul>
<p><a href="https://web.archive.org/web/20220818045402/https://www.belgium.be/fr/famille/enfants/droits_de_l_enfant" onclick="javascript:window.open('https://www.belgium.be/fr/famille/enfants/droits_de_l_enfant', '_blank', 'noopener'); return false;">https://www.belgium.be/fr/famille/enfants/droits_de_l_enfant</a></p>
<p>[/et_pb_text][/et_pb_column][/et_pb_row][/et_pb_section]</p>

<p>DROITS DE L’ENFANT Un enfant a droit au respect.  Les droits de l’enfant ont été fixés le 20 novembre 1989 dans la Convention internationale des droits de l’enfant des Nations Unies. Cette Convention des droits de l’enfant traite en premier lieu de la relation entre les enfants et les pouvoirs publics. Elle confirme que dans cette relation les enfants [&hellip;]</p>
