{"id":26,"date":"2024-12-20T17:19:42","date_gmt":"2024-12-20T17:19:42","guid":{"rendered":"https:\/\/bacaworld.org\/france\/?page_id=26"},"modified":"2025-07-24T22:56:15","modified_gmt":"2025-07-24T22:56:15","slug":"b-a-c-a-of-france","status":"publish","type":"page","link":"https:\/\/bacaworld.org\/france\/","title":{"rendered":"B.A.C.A. Of France"},"content":{"rendered":"<p>[et_pb_section fb_built=&#8221;1&#8243; admin_label=&#8221;section&#8221; _builder_version=&#8221;4.16&#8243; custom_margin=&#8221;||56px|||&#8221; global_colors_info=&#8221;{}&#8221;][et_pb_row disabled_on=&#8221;on|on|on&#8221; admin_label=&#8221;row&#8221; _builder_version=&#8221;4.16&#8243; background_size=&#8221;initial&#8221; background_position=&#8221;top_left&#8221; background_repeat=&#8221;repeat&#8221; custom_margin=&#8221;-56px|auto||auto||&#8221; disabled=&#8221;on&#8221; global_colors_info=&#8221;{}&#8221;][et_pb_column type=&#8221;4_4&#8243; _builder_version=&#8221;4.16&#8243; custom_padding=&#8221;|||&#8221; global_colors_info=&#8221;{}&#8221; custom_padding__hover=&#8221;|||&#8221;][et_pb_button button_text=&#8221;Donate To B.A.C.A.&#8221; button_alignment=&#8221;center&#8221; _builder_version=&#8221;4.27.4&#8243; _module_preset=&#8221;default&#8221; custom_button=&#8221;on&#8221; button_text_size=&#8221;14px&#8221; button_text_color=&#8221;#E02B20&#8243; box_shadow_style=&#8221;preset1&#8243; global_colors_info=&#8221;{}&#8221;][\/et_pb_button][\/et_pb_column][\/et_pb_row][et_pb_row _builder_version=&#8221;4.27.4&#8243; _module_preset=&#8221;default&#8221; global_colors_info=&#8221;{}&#8221;][et_pb_column type=&#8221;4_4&#8243; _builder_version=&#8221;4.27.4&#8243; _module_preset=&#8221;default&#8221; global_colors_info=&#8221;{}&#8221;][et_pb_image src=&#8221;https:\/\/bacaworld.org\/france\/wp-content\/uploads\/sites\/64\/2024\/12\/BACA-two-fist-logo.jpg&#8221; title_text=&#8221;BACA-two-fist-logo&#8221; align=&#8221;center&#8221; _builder_version=&#8221;4.27.4&#8243; _module_preset=&#8221;default&#8221; global_colors_info=&#8221;{}&#8221;][\/et_pb_image][\/et_pb_column][\/et_pb_row][et_pb_row _builder_version=&#8221;4.27.4&#8243; _module_preset=&#8221;default&#8221; global_colors_info=&#8221;{}&#8221;][et_pb_column type=&#8221;4_4&#8243; _builder_version=&#8221;4.27.4&#8243; _module_preset=&#8221;default&#8221; global_colors_info=&#8221;{}&#8221;][et_pb_text _builder_version=&#8221;4.27.4&#8243; _module_preset=&#8221;default&#8221; global_colors_info=&#8221;{}&#8221;]<\/p>\n<p style=\"text-align: center;\"><strong>Bikers Against Child Abuse France<\/strong><br \/>Information sur Bikers Against Child Abuse<br \/>Il y a 1 chapitre B.A.C.A. en France. Des liens vers chaque chapitre peuvent \u00eatre trouv\u00e9s dans le menu d\u00e9roulant en haut a gauche. Si vous \u00eates int\u00e9ress\u00e9(e), vous pouvez envoyer un email au chapter.<\/p>\n<p>[\/et_pb_text][\/et_pb_column][\/et_pb_row][et_pb_row _builder_version=&#8221;4.27.4&#8243; _module_preset=&#8221;default&#8221; global_colors_info=&#8221;{}&#8221;][et_pb_column type=&#8221;4_4&#8243; _builder_version=&#8221;4.27.4&#8243; _module_preset=&#8221;default&#8221; global_colors_info=&#8221;{}&#8221;][et_pb_heading title=&#8221;Protecteurs des enfants \u00c9nonc\u00e9 de la mission&#8221; _builder_version=&#8221;4.27.4&#8243; _module_preset=&#8221;default&#8221; title_level=&#8221;h4&#8243; title_font=&#8221;|600|||||||&#8221; title_text_align=&#8221;center&#8221; custom_margin=&#8221;-5px|||||&#8221; box_shadow_style=&#8221;preset3&#8243; global_colors_info=&#8221;{}&#8221;][\/et_pb_heading][\/et_pb_column][\/et_pb_row][et_pb_row _builder_version=&#8221;4.27.4&#8243; _module_preset=&#8221;default&#8221; global_colors_info=&#8221;{}&#8221;][et_pb_column type=&#8221;4_4&#8243; _builder_version=&#8221;4.27.4&#8243; _module_preset=&#8221;default&#8221; global_colors_info=&#8221;{}&#8221;][et_pb_text _builder_version=&#8221;4.27.4&#8243; _module_preset=&#8221;default&#8221; global_colors_info=&#8221;{}&#8221;]<\/p>\n<p style=\"text-align: center;\">Notre mission est de cr\u00e9er un environnement plus s\u00e9curisant pour les enfants victimes d\u2019abus. Nous existons en tant que regroupement de motards pour permettre aux enfants de ne pas avoir peur du monde dans lequel ils vivent. Nous sommes pr\u00eats \u00e0 apporter un soutien \u00e0 nos amis meurtris, en les accueillant au sein d\u2019une organisation structur\u00e9e et unie. Nous travaillons en collaboration avec les autorit\u00e9s locales et nationales d\u00e9j\u00e0 en place pour prot\u00e9ger les enfants.<br \/>Nous voulons envoyer un message clair \u00e0 toutes les personnes impliqu\u00e9es avec l\u2019enfant maltrait\u00e9 : cet enfant fait partie de notre organisation et nous sommes pr\u00eats \u00e0 lui apporter notre soutien physique et \u00e9motionnel par son int\u00e9gration \u00e0 notre groupe et par notre pr\u00e9sence physique.<br \/>Nous sommes pr\u00eats \u00e0 prot\u00e9ger ces enfants contre tout autre abus. Nous ne pr\u00e9conisons pas l\u2019usage de la violence ou de la force physique de quelque mani\u00e8re que ce soit ; cependant, si les circonstances sont telles que nous sommes le seul rempart contre de nouveaux abus, nous sommes pr\u00eats \u00e0 \u00eatre ce rempart.<\/p>\n<p>[\/et_pb_text][\/et_pb_column][\/et_pb_row][et_pb_row _builder_version=&#8221;4.27.4&#8243; _module_preset=&#8221;default&#8221; global_colors_info=&#8221;{}&#8221;][et_pb_column type=&#8221;4_4&#8243; _builder_version=&#8221;4.27.4&#8243; _module_preset=&#8221;default&#8221; global_colors_info=&#8221;{}&#8221;][et_pb_heading title=&#8221;L\u2019histoire et le pourquoi de B.A.C.A.&#8221; _builder_version=&#8221;4.27.4&#8243; _module_preset=&#8221;default&#8221; title_level=&#8221;h4&#8243; title_font=&#8221;|600|||||||&#8221; title_text_align=&#8221;center&#8221; box_shadow_style=&#8221;preset3&#8243; global_colors_info=&#8221;{}&#8221;][\/et_pb_heading][\/et_pb_column][\/et_pb_row][et_pb_row _builder_version=&#8221;4.27.4&#8243; _module_preset=&#8221;default&#8221; global_colors_info=&#8221;{}&#8221;][et_pb_column type=&#8221;4_4&#8243; _builder_version=&#8221;4.27.4&#8243; _module_preset=&#8221;default&#8221; global_colors_info=&#8221;{}&#8221;][et_pb_text _builder_version=&#8221;4.27.4&#8243; _module_preset=&#8221;default&#8221; custom_margin=&#8221;-7px|||||&#8221; global_colors_info=&#8221;{}&#8221;]<\/p>\n<p style=\"text-align: center;\">B.A.C.A. a \u00e9t\u00e9 fond\u00e9 par un travailleur social clinicien et th\u00e9rapeute sp\u00e9cialis\u00e9 dans la th\u00e9rapie par le jeu pour enfants. Il est \u00e9galement professeur \u00e0 temps partiel \u00e0 l\u2019universit\u00e9 Brigham Young. Il cumule plus de vingt ans de pratique, dont la majorit\u00e9 fut consacr\u00e9e au traitement des enfants victimes d\u2019abus.<br \/>Il \u00e9tait conscient que \u00ab le syst\u00e8me \u00bb offrait beaucoup de possibilit\u00e9s favorisant le processus de gu\u00e9rison d\u2019un enfant, tout en comportant cependant plusieurs lacunes et limites pour assurer la s\u00e9curit\u00e9 des enfants.<br \/>M\u00eame avec la participation des tribunaux pour prot\u00e9ger ces enfants contre d\u2019autre abus, via l\u2019\u00e9mission d\u2019ordonnances de protection ou le retrait des agresseurs des quartiers de leurs victimes, il est physiquement impossible pour les autorit\u00e9s civiles et polici\u00e8res d\u2019assurer la protection de ces enfants 24 heures sur 24 pour une p\u00e9riode ind\u00e9termin\u00e9e. Les auteurs de ces abus sons pleinement conscients de cette situation et continuent de trouver de nouvelles fa\u00e7ons d\u2019entrer en contact avec leurs victimes et d\u2019infliger d\u2019autres s\u00e9vices. C\u2019est l\u00e0 o\u00f9 B.A.C.A. fait la diff\u00e9rence.<br \/>Tous les enfants int\u00e9gr\u00e9s \u00e0 B.A.C.A. re\u00e7oivent comme contacts principaux deux membres assign\u00e9s qui restent en contact \u00e9troit avec celui-ci. L\u2019organisation soutient chaque enfant en fonction de ses besoins individuels. Ces services peuvent notamment inclure : une pr\u00e9sence physique \u00e0 la maison, des visites \u00e0 l\u2019\u00e9cole de l\u2019enfant et l\u2019accompagnement de l\u2019enfant aux tribunaux et aux audiences de lib\u00e9ration conditionnelle.<\/p>\n<p style=\"text-align: center;\">Nous avons constat\u00e9 que les enfants bless\u00e9s qui ont profit\u00e9 de la pr\u00e9sence de B.AC.A. dans leur vie sont beaucoup plus susceptibles de divulguer les abus. Nous aidons au processus de gu\u00e9rison de l\u2019enfant, \u00e0 r\u00e9tablir l\u2019estime qu\u2019il a de lui-m\u00eame, ainsi que sa confiance.<\/p>\n<p style=\"text-align: center;\">Vous voulez nous rejoindre ou poser une question? SVP cliquer ici<\/p>\n<p style=\"text-align: center;\">[\/et_pb_text][\/et_pb_column][\/et_pb_row][et_pb_row _builder_version=&#8221;4.27.4&#8243; _module_preset=&#8221;default&#8221; global_colors_info=&#8221;{}&#8221;][et_pb_column type=&#8221;4_4&#8243; _builder_version=&#8221;4.27.4&#8243; _module_preset=&#8221;default&#8221; global_colors_info=&#8221;{}&#8221;][et_pb_contact_form email=&#8221;president@france.bacaworld.org&#8221; title=&#8221;Vous voulez nous rejoindre ou poser une question?&#8221; success_message=&#8221;Thank You for contact us!&#8221; _builder_version=&#8221;4.27.4&#8243; _module_preset=&#8221;default&#8221; _unique_id=&#8221;101751ff-d8b7-4789-9388-0bfa38a3d9aa&#8221; title_level=&#8221;h5&#8243; title_font=&#8221;|600|||||||&#8221; title_text_align=&#8221;center&#8221; custom_button=&#8221;on&#8221; button_text_size=&#8221;14px&#8221; button_text_color=&#8221;#E02B20&#8243; global_colors_info=&#8221;{}&#8221;][et_pb_contact_field field_id=&#8221;Name&#8221; field_title=&#8221;Name&#8221; _builder_version=&#8221;4.16&#8243; global_colors_info=&#8221;{}&#8221; button_text_size__hover_enabled=&#8221;off&#8221; button_one_text_size__hover_enabled=&#8221;off&#8221; button_two_text_size__hover_enabled=&#8221;off&#8221; button_text_color__hover_enabled=&#8221;off&#8221; button_one_text_color__hover_enabled=&#8221;off&#8221; button_two_text_color__hover_enabled=&#8221;off&#8221; button_border_width__hover_enabled=&#8221;off&#8221; button_one_border_width__hover_enabled=&#8221;off&#8221; button_two_border_width__hover_enabled=&#8221;off&#8221; button_border_color__hover_enabled=&#8221;off&#8221; button_one_border_color__hover_enabled=&#8221;off&#8221; button_two_border_color__hover_enabled=&#8221;off&#8221; button_border_radius__hover_enabled=&#8221;off&#8221; button_one_border_radius__hover_enabled=&#8221;off&#8221; button_two_border_radius__hover_enabled=&#8221;off&#8221; button_letter_spacing__hover_enabled=&#8221;off&#8221; button_one_letter_spacing__hover_enabled=&#8221;off&#8221; button_two_letter_spacing__hover_enabled=&#8221;off&#8221; button_bg_color__hover_enabled=&#8221;off&#8221; button_one_bg_color__hover_enabled=&#8221;off&#8221; button_two_bg_color__hover_enabled=&#8221;off&#8221;][\/et_pb_contact_field][et_pb_contact_field field_id=&#8221;Email&#8221; field_title=&#8221;Email Address&#8221; field_type=&#8221;email&#8221; _builder_version=&#8221;4.16&#8243; global_colors_info=&#8221;{}&#8221; button_text_size__hover_enabled=&#8221;off&#8221; button_one_text_size__hover_enabled=&#8221;off&#8221; button_two_text_size__hover_enabled=&#8221;off&#8221; button_text_color__hover_enabled=&#8221;off&#8221; button_one_text_color__hover_enabled=&#8221;off&#8221; button_two_text_color__hover_enabled=&#8221;off&#8221; button_border_width__hover_enabled=&#8221;off&#8221; button_one_border_width__hover_enabled=&#8221;off&#8221; button_two_border_width__hover_enabled=&#8221;off&#8221; button_border_color__hover_enabled=&#8221;off&#8221; button_one_border_color__hover_enabled=&#8221;off&#8221; button_two_border_color__hover_enabled=&#8221;off&#8221; button_border_radius__hover_enabled=&#8221;off&#8221; button_one_border_radius__hover_enabled=&#8221;off&#8221; button_two_border_radius__hover_enabled=&#8221;off&#8221; button_letter_spacing__hover_enabled=&#8221;off&#8221; button_one_letter_spacing__hover_enabled=&#8221;off&#8221; button_two_letter_spacing__hover_enabled=&#8221;off&#8221; button_bg_color__hover_enabled=&#8221;off&#8221; button_one_bg_color__hover_enabled=&#8221;off&#8221; button_two_bg_color__hover_enabled=&#8221;off&#8221;][\/et_pb_contact_field][et_pb_contact_field field_id=&#8221;Message&#8221; field_title=&#8221;Message&#8221; field_type=&#8221;text&#8221; fullwidth_field=&#8221;on&#8221; _builder_version=&#8221;4.16&#8243; global_colors_info=&#8221;{}&#8221; button_text_size__hover_enabled=&#8221;off&#8221; button_one_text_size__hover_enabled=&#8221;off&#8221; button_two_text_size__hover_enabled=&#8221;off&#8221; button_text_color__hover_enabled=&#8221;off&#8221; button_one_text_color__hover_enabled=&#8221;off&#8221; button_two_text_color__hover_enabled=&#8221;off&#8221; button_border_width__hover_enabled=&#8221;off&#8221; button_one_border_width__hover_enabled=&#8221;off&#8221; button_two_border_width__hover_enabled=&#8221;off&#8221; button_border_color__hover_enabled=&#8221;off&#8221; button_one_border_color__hover_enabled=&#8221;off&#8221; button_two_border_color__hover_enabled=&#8221;off&#8221; button_border_radius__hover_enabled=&#8221;off&#8221; button_one_border_radius__hover_enabled=&#8221;off&#8221; button_two_border_radius__hover_enabled=&#8221;off&#8221; button_letter_spacing__hover_enabled=&#8221;off&#8221; button_one_letter_spacing__hover_enabled=&#8221;off&#8221; button_two_letter_spacing__hover_enabled=&#8221;off&#8221; button_bg_color__hover_enabled=&#8221;off&#8221; button_one_bg_color__hover_enabled=&#8221;off&#8221; button_two_bg_color__hover_enabled=&#8221;off&#8221;][\/et_pb_contact_field][\/et_pb_contact_form][\/et_pb_column][\/et_pb_row][\/et_pb_section]<\/p>\n","protected":false},"excerpt":{"rendered":"<p>Bikers Against Child Abuse FranceInformation sur Bikers Against Child AbuseIl y a 1 chapitre B.A.C.A. en France. Des liens vers chaque chapitre peuvent \u00eatre trouv\u00e9s dans le menu d\u00e9roulant en haut a gauche. Si vous \u00eates int\u00e9ress\u00e9(e), vous pouvez envoyer un email au chapter.Notre mission est de cr\u00e9er un environnement plus s\u00e9curisant pour les enfants [&hellip;]<\/p>\n","protected":false},"author":1,"featured_media":0,"parent":0,"menu_order":0,"comment_status":"closed","ping_status":"closed","template":"","meta":{"_et_pb_use_builder":"on","_et_pb_old_content":"","_et_gb_content_width":"","footnotes":""},"class_list":["post-26","page","type-page","status-publish","hentry"],"_links":{"self":[{"href":"https:\/\/bacaworld.org\/france\/wp-json\/wp\/v2\/pages\/26","targetHints":{"allow":["GET"]}}],"collection":[{"href":"https:\/\/bacaworld.org\/france\/wp-json\/wp\/v2\/pages"}],"about":[{"href":"https:\/\/bacaworld.org\/france\/wp-json\/wp\/v2\/types\/page"}],"author":[{"embeddable":true,"href":"https:\/\/bacaworld.org\/france\/wp-json\/wp\/v2\/users\/1"}],"replies":[{"embeddable":true,"href":"https:\/\/bacaworld.org\/france\/wp-json\/wp\/v2\/comments?post=26"}],"version-history":[{"count":8,"href":"https:\/\/bacaworld.org\/france\/wp-json\/wp\/v2\/pages\/26\/revisions"}],"predecessor-version":[{"id":65,"href":"https:\/\/bacaworld.org\/france\/wp-json\/wp\/v2\/pages\/26\/revisions\/65"}],"wp:attachment":[{"href":"https:\/\/bacaworld.org\/france\/wp-json\/wp\/v2\/media?parent=26"}],"curies":[{"name":"wp","href":"https:\/\/api.w.org\/{rel}","templated":true}]}}