{"id":26,"date":"2024-12-19T20:30:16","date_gmt":"2024-12-19T20:30:16","guid":{"rendered":"https:\/\/bacaworld.org\/spain\/?page_id=26"},"modified":"2025-04-01T23:54:57","modified_gmt":"2025-04-01T23:54:57","slug":"b-a-c-a-of-spain","status":"publish","type":"page","link":"https:\/\/bacaworld.org\/spain\/","title":{"rendered":"B.A.C.A. of Spain"},"content":{"rendered":"<p>[et_pb_section fb_built=&#8221;1&#8243; admin_label=&#8221;section&#8221; _builder_version=&#8221;4.16&#8243; custom_margin=&#8221;||56px|||&#8221; global_colors_info=&#8221;{}&#8221; theme_builder_area=&#8221;post_content&#8221;][et_pb_row admin_label=&#8221;row&#8221; _builder_version=&#8221;4.16&#8243; background_size=&#8221;initial&#8221; background_position=&#8221;top_left&#8221; background_repeat=&#8221;repeat&#8221; custom_margin=&#8221;-56px|auto||auto||&#8221; global_colors_info=&#8221;{}&#8221; theme_builder_area=&#8221;post_content&#8221; disabled_on=&#8221;on|on|on&#8221; disabled=&#8221;on&#8221;][et_pb_column type=&#8221;4_4&#8243; _builder_version=&#8221;4.16&#8243; custom_padding=&#8221;|||&#8221; global_colors_info=&#8221;{}&#8221; custom_padding__hover=&#8221;|||&#8221; theme_builder_area=&#8221;post_content&#8221;][et_pb_button button_text=&#8221;Donate To B.A.C.A.&#8221; button_alignment=&#8221;center&#8221; _builder_version=&#8221;4.27.4&#8243; _module_preset=&#8221;default&#8221; custom_button=&#8221;on&#8221; button_text_size=&#8221;14px&#8221; button_text_color=&#8221;#E02B20&#8243; box_shadow_style=&#8221;preset1&#8243; global_colors_info=&#8221;{}&#8221; theme_builder_area=&#8221;post_content&#8221;][\/et_pb_button][\/et_pb_column][\/et_pb_row][et_pb_row _builder_version=&#8221;4.27.4&#8243; _module_preset=&#8221;default&#8221; global_colors_info=&#8221;{}&#8221; theme_builder_area=&#8221;post_content&#8221;][et_pb_column type=&#8221;4_4&#8243; _builder_version=&#8221;4.27.4&#8243; _module_preset=&#8221;default&#8221; global_colors_info=&#8221;{}&#8221; theme_builder_area=&#8221;post_content&#8221;][et_pb_image src=&#8221;https:\/\/bacaworld.org\/spain\/wp-content\/uploads\/sites\/59\/2024\/12\/BACA-two-fist-logo.jpg&#8221; title_text=&#8221;BACA-two-fist-logo&#8221; align=&#8221;center&#8221; _builder_version=&#8221;4.27.4&#8243; _module_preset=&#8221;default&#8221; global_colors_info=&#8221;{}&#8221; theme_builder_area=&#8221;post_content&#8221;][\/et_pb_image][\/et_pb_column][\/et_pb_row][et_pb_row _builder_version=&#8221;4.27.4&#8243; _module_preset=&#8221;default&#8221; global_colors_info=&#8221;{}&#8221; theme_builder_area=&#8221;post_content&#8221;][et_pb_column type=&#8221;4_4&#8243; _builder_version=&#8221;4.27.4&#8243; _module_preset=&#8221;default&#8221; global_colors_info=&#8221;{}&#8221; theme_builder_area=&#8221;post_content&#8221;][et_pb_text _builder_version=&#8221;4.27.4&#8243; _module_preset=&#8221;default&#8221; border_width_bottom=&#8221;3px&#8221; border_style_bottom=&#8221;dotted&#8221; global_colors_info=&#8221;{}&#8221; theme_builder_area=&#8221;post_content&#8221;]<\/p>\n<p style=\"text-align: center;\"><strong>B.A.C.A. of Spain<\/strong><br \/>For additional information please contact specific group below:<\/p>\n<p style=\"text-align: center;\"><strong><span style=\"color: #ff0000;\">Helpdesk: (+34) 613 807 818<\/span><\/strong><\/p>\n<p style=\"text-align: center;\"><a href=\"mailto:info@ca-esp.BACAworld.org\" target=\"_blank\" rel=\"noopener\">info@ca-esp.BACAworld.org<\/a><\/p>\n<p style=\"text-align: center;\"><span style=\"color: #ff0000;\">Spain Information<\/span><\/p>\n<p style=\"text-align: center;\"><span style=\"color: #ff0000;\">Catalunya Chapter<\/span><\/p>\n<p>[\/et_pb_text][\/et_pb_column][\/et_pb_row][et_pb_row _builder_version=&#8221;4.27.4&#8243; _module_preset=&#8221;default&#8221; custom_margin=&#8221;13px|auto||auto||&#8221; custom_padding=&#8221;4px|||||&#8221; global_colors_info=&#8221;{}&#8221; theme_builder_area=&#8221;post_content&#8221;][et_pb_column type=&#8221;4_4&#8243; _builder_version=&#8221;4.27.4&#8243; _module_preset=&#8221;default&#8221; global_colors_info=&#8221;{}&#8221; theme_builder_area=&#8221;post_content&#8221;][et_pb_text _builder_version=&#8221;4.27.4&#8243; _module_preset=&#8221;default&#8221; min_height=&#8221;125px&#8221; custom_margin=&#8221;1px|||||&#8221; custom_padding=&#8221;0px|||||&#8221; border_width_bottom=&#8221;3px&#8221; border_style_bottom=&#8221;dotted&#8221; global_colors_info=&#8221;{}&#8221; theme_builder_area=&#8221;post_content&#8221;]<\/p>\n<p style=\"text-align: center;\"><span><strong>BIKERS AGAINST CHILD ABUSE<\/strong> (B.A.C.A.) existe con la intenci\u00f3n de<\/span><br \/><span>crear un ambiente m\u00e1s seguro para los ni\u00f1os abusados. Existimos<\/span><br \/><span>como un grupo de motoristas con la misi\u00f3n de empoderar a los<\/span><br \/><span>ni\u00f1os para que no tengan miedo del mundo en el que viven.<\/span><br \/><span>Estamos listos para prestar apoyo a nuestros amigos heridos<\/span><br \/><span>involucr\u00e1ndolos en una organizaci\u00f3n estable y unida. Trabajamos en<\/span><br \/><span>conjunto con los organismos locales y estatales ya establecidos para<\/span><br \/><span>proteger a los menores. Queremos enviar un mensaje claro a todas<\/span><br \/><span>las personas relacionadas con el menor abusado: este ni\u00f1o es parte<\/span><br \/><span>de nuestra organizaci\u00f3n y estamos preparados para prestarle<\/span><br \/><span>nuestro apoyo f\u00edsico y emocional por afiliaci\u00f3n, as\u00ed como nuestra<\/span><br \/><span>presencia f\u00edsica. Estamos listos para proteger a estos ni\u00f1os de<\/span><br \/><span>nuevos abusos. No toleramos el uso de la violencia ni la fuerza f\u00edsica<\/span><br \/><span>en ninguna de sus formas. No obstante, si se produjeran<\/span><br \/><span>circunstancias que nos conviertan en el \u00fanico obst\u00e1culo entre el<\/span><br \/><span>ni\u00f1o y m\u00e1s abusos, estamos listos para ser ese obst\u00e1culo.<\/span><\/p>\n<p style=\"text-align: center;\"><strong><span style=\"color: #ff0000;\">\u00a0<\/span><\/strong><\/p>\n<p>[\/et_pb_text][\/et_pb_column][\/et_pb_row][et_pb_row _builder_version=&#8221;4.27.4&#8243; _module_preset=&#8221;default&#8221; global_colors_info=&#8221;{}&#8221; theme_builder_area=&#8221;post_content&#8221;][et_pb_column type=&#8221;4_4&#8243; _builder_version=&#8221;4.27.4&#8243; _module_preset=&#8221;default&#8221; global_colors_info=&#8221;{}&#8221; theme_builder_area=&#8221;post_content&#8221;][et_pb_code _builder_version=&#8221;4.27.4&#8243; _module_preset=&#8221;default&#8221; text_orientation=&#8221;center&#8221; global_colors_info=&#8221;{}&#8221; theme_builder_area=&#8221;post_content&#8221;]<iframe loading=\"lazy\" width=\"560\" height=\"315\" src=\"https:\/\/www.youtube.com\/embed\/tuF3WqJUMKc?si=Wcbz_mJNteTNGgoD\" title=\"YouTube video player\" frameborder=\"0\" allow=\"accelerometer; autoplay; clipboard-write; encrypted-media; gyroscope; picture-in-picture; web-share\" referrerpolicy=\"strict-origin-when-cross-origin\" allowfullscreen><\/iframe>[\/et_pb_code][\/et_pb_column][\/et_pb_row][\/et_pb_section]<\/p>\n","protected":false},"excerpt":{"rendered":"<p>B.A.C.A. of SpainFor additional information please contact specific group below: Helpdesk: (+34) 613 807 818 info@ca-esp.BACAworld.org Spain Information Catalunya ChapterBIKERS AGAINST CHILD ABUSE (B.A.C.A.) existe con la intenci\u00f3n decrear un ambiente m\u00e1s seguro para los ni\u00f1os abusados. Existimoscomo un grupo de motoristas con la misi\u00f3n de empoderar a losni\u00f1os para que no tengan miedo del [&hellip;]<\/p>\n","protected":false},"author":1,"featured_media":0,"parent":0,"menu_order":0,"comment_status":"closed","ping_status":"closed","template":"","meta":{"_et_pb_use_builder":"on","_et_pb_old_content":"","_et_gb_content_width":"","footnotes":""},"class_list":["post-26","page","type-page","status-publish","hentry"],"_links":{"self":[{"href":"https:\/\/bacaworld.org\/spain\/wp-json\/wp\/v2\/pages\/26","targetHints":{"allow":["GET"]}}],"collection":[{"href":"https:\/\/bacaworld.org\/spain\/wp-json\/wp\/v2\/pages"}],"about":[{"href":"https:\/\/bacaworld.org\/spain\/wp-json\/wp\/v2\/types\/page"}],"author":[{"embeddable":true,"href":"https:\/\/bacaworld.org\/spain\/wp-json\/wp\/v2\/users\/1"}],"replies":[{"embeddable":true,"href":"https:\/\/bacaworld.org\/spain\/wp-json\/wp\/v2\/comments?post=26"}],"version-history":[{"count":5,"href":"https:\/\/bacaworld.org\/spain\/wp-json\/wp\/v2\/pages\/26\/revisions"}],"predecessor-version":[{"id":55,"href":"https:\/\/bacaworld.org\/spain\/wp-json\/wp\/v2\/pages\/26\/revisions\/55"}],"wp:attachment":[{"href":"https:\/\/bacaworld.org\/spain\/wp-json\/wp\/v2\/media?parent=26"}],"curies":[{"name":"wp","href":"https:\/\/api.w.org\/{rel}","templated":true}]}}